685.
545
Calculate the greatest common factor of 12243 and 577500.
231
Calculate the greatest common divisor of 18320 and 52809690.
2290
Calculate the highest common divisor of 236079 and 55981.
17
Calculate the highest common factor of 81848217 and 1683.
561
What is the highest common factor of 1035 and 442101285?
1035
What is the highest common divisor of 25045596 and 999?
333
Calculate the highest common factor of 1074355 and 190.
95
Calculate the greatest common factor of 3078497 and 1498.
107
Calculate the highest common divisor of 73153 and 52907.
191
Calculate the greatest common divisor of 39 and 10025717.
13
What is the greatest common factor of 56104659 and 2093?
299
What is the highest common divisor of 13502138 and 338?
26
Calculate the greatest common divisor of 53104870 and 38870.
1690
What is the greatest common divisor of 130 and 728284310?
130
What is the highest common factor of 3084071 and 1557?
173
What is the highest common divisor of 48 and 6723864?
24
Calculate the greatest common divisor of 46622134 and 327.
109
What is the highest common factor of 190 and 42121210?
10
What is the highest common factor of 85884480 and 16?
16
Calculate the greatest common factor of 2676 and 320921976.
2676
Calculate the highest common factor of 18810827 and 21.
7
What is the highest common divisor of 64 and 52287712?
32
Calculate the highest common divisor of 8106279 and 12.
3
What is the highest common divisor of 36 and 29890788?
12
What is the highest common divisor of 1155 and 182545440?
1155
Calculate the highest common divisor of 31972320 and 216.
216
What is the greatest common factor of 14748 and 108859904?
4916
What is the highest common factor of 11990 and 93005?
55
Calculate the highest common divisor of 5002 and 5187928.
122
Calculate the highest common divisor of 372 and 107096232.
12
What is the highest common divisor of 1020 and 4259922?
6
Calculate the highest common divisor of 10150 and 821450.
350
Calculate the greatest common factor of 8 and 4273084664.
8
What is the highest common divisor of 44285 and 115282712?
8857
Calculate the greatest common divisor of 9820 and 108626385.
2455
Calculate the greatest common divisor of 1630703 and 339.
113
What is the highest common divisor of 855326743 and 148?
37
Calculate the highest common divisor of 241488 and 4787835.
1677
Calculate the highest common divisor of 10 and 4236250.
10
What is the highest common factor of 30308255 and 3475?
695
What is the highest common factor of 3260 and 2440?
20
What is the greatest common divisor of 5970 and 763160?
10
Calculate the highest common factor of 2182914 and 734385.
519
What is the highest common factor of 265448107 and 1102?
551
Calculate the greatest common factor of 28801 and 63355607.
347
Calculate the highest common divisor of 91 and 178558913.
13
What is the greatest common divisor of 8825106 and 261?
87
What is the highest common divisor of 1569804 and 258?
6
Calculate the greatest common factor of 1733103 and 864.
27
Calculate the greatest common factor of 46637 and 167.
1
Calculate the highest common factor of 270218 and 199576.
494
What is the highest common factor of 63541965 and 1285?
1285
What is the greatest common divisor of 80920483 and 21?
7
Calculate the highest common factor of 11760154 and 35143.
311
Calculate the greatest common factor of 199439 and 3250013.
2809
Calculate the highest common factor of 1484 and 7941679.
53
What is the greatest common factor of 128 and 2501152?
32
Calculate the greatest common factor of 7909 and 2929206.
719
What is the greatest common divisor of 942 and 215774520?
942
Calculate the highest common factor of 14 and 17086216.
14
Calculate the greatest common divisor of 20 and 8106335.
5
What is the greatest common factor of 377 and 14240856?
29
Calculate the greatest common divisor of 76720 and 2882768.
112
What is the greatest common divisor of 709720 and 4730?
110
Calculate the highest common factor of 516097382 and 8097.
2699
What is the greatest common factor of 243 and 32381847?
9
Calculate the highest common divisor of 1249998 and 6.
6
What is the highest common divisor of 663528 and 408?
24
Calculate the highest common divisor of 16716543 and 3156.
789
What is the greatest common factor of 1377 and 47120481?
459
Calculate the highest common factor of 14454005 and 2645.
115
Calculate the highest common factor of 4257197 and 95.
19
What is the greatest common factor of 805 and 3589357?
23
Calculate the greatest common factor of 259076 and 5197509.
271
What is the highest common factor of 35223 and 37760?
59
What is the highest common divisor of 1380 and 19857120?
60
Calculate the highest common divisor of 6275632 and 10638.
394
What is the greatest common factor of 48272336 and 58600?
2344
What is the highest common factor of 10812763 and 13?
13
What is the greatest common divisor of 116915539 and 527?
31
Calculate the highest common divisor of 864 and 907040.
32
What is the highest common divisor of 13 and 19456970?
13
What is the highest common divisor of 22762392 and 4367?
397
Calculate the greatest common divisor of 80780 and 4554620.
140
Calculate the greatest common factor of 33598 and 13054.
214
What is the highest common factor of 10 and 532655?
5
Calculate the highest common divisor of 35664330 and 4940.
2470
What is the greatest common factor of 51317 and 672?
7
Calculate the highest common divisor of 178 and 89402102.
178
Calculate the greatest common divisor of 1040076 and 3651684.
2076
What is the greatest common divisor of 9479344 and 756?
28
Calculate the highest common divisor of 155228 and 205964.
604
What is the highest common divisor of 1689968 and 5264?
112
Calculate the greatest common divisor of 6488410 and 25.
5
What is the greatest common factor of 1405 and 370135?
5
What is the highest common factor of 1099329 and 1122?
33
Calculate the greatest common factor of 791 and 11137393.
113
Calculate the highest common factor of 536218 and 119377.
1957
Calculate the greatest common divisor of 837 and 8916933.
93
Calculate the greatest common divisor of 493 and 1911123.
17
What is the highest common factor of 323734 and 492818?
2062
Calculate the highest common factor of 14260 and 198710.
310
Calculate the highest common factor of 52347366 and 18.
18
What is the greatest common factor of 42 and 416964?
6
What is the highest common factor of 96447928 and 1208?
1208
Calculate the greatest common divisor of 33864704 and 16.
16
What is the greatest common divisor of 666963915 and 327?
327
Calculate the greatest common divisor of 3580713 and 459.
27
Calculate the greatest common divisor of 709697 and 3293.
37
What is the highest common divisor of 38656235 and 1010?
505
Calculate the greatest common factor of 946481 and 758904.
307
What is the highest common divisor of 2188849 and 1404?
13
What is the highest common factor of 243 and 38838483?
9
Calculate the greatest common divisor of 188435 and 11661.
169
What is the greatest common factor of 650 and 2979730?
130
What is the highest common divisor of 2182 and 7227875?
1091
What is the greatest common divisor of 48546784 and 77?
11
Calculate the greatest common divisor of 349283 and 9944.
1243
What is the highest common factor of 19356 and 631938?
6
What is the greatest common divisor of 604 and 6316330?
302
Calculate the greatest common divisor of 561894 and 3763.
71
Calculate the greatest common factor of 1152591280 and 1420.
1420
What is the highest common factor of 15 and 1538185?
5
Calculate the highest common divisor of 81403 and 709079.
203
Calculate the greatest common divisor of 13088 and 4000.
32
What is the greatest common factor of 4907 and 154581?
7
What is the greatest common factor of 264 and 4446216?
24
Calculate the highest common factor of 11108360 and 26009.
839
What is the highest common factor of 2445 and 1143720?
15
Calculate the greatest common divisor of 152131276 and 308.
44
What is the highest common factor of 777881 and 225992?
689
What is the highest common factor of 815 and 1206520295?
815
Calculate the greatest common factor of 4338 and 441176046.
1446
Calculate the highest common factor of 1258 and 111571.
17
What is the greatest common factor of 61407234 and 1134?
1134
What is the